110101
In base 3, what is -11 - 10000111101021?
-10000111101102
In base 5, what is 2440420 + -234?
2440131
In base 14, what is -1 - 400cbb9?
-400cbba
In base 14, what is -3 - -2125074c?
21250749
In base 16, what is -5 - bf9b53?
-bf9b58
In base 14, what is 1 + 49cd77?
49cd78
In base 16, what is 2f2b8 + 70?
2f328
In base 5, what is -1203 + 1424301?
1423043
In base 5, what is 0 + -12431043032?
-12431043032
In base 8, what is -76 + -140744?
-141042
In base 4, what is 10221320012 + 20201?
10222000213
In base 11, what is -3 + 1759874?
1759871
In base 16, what is 9a2 + -666?
33c
In base 13, what is -1709b73 + 4?
-1709b6c
In base 6, what is 13541020 + 42?
13541102
In base 14, what is -2c0 - 67c1?
-6aa1
In base 4, what is -2 - -101001331111?
101001331103
In base 5, what is 11224100213 + 2?
11224100220
In base 6, what is 4455433 - 11?
4455422
In base 16, what is d8 + -268c0?
-267e8
In base 10, what is 13420835 - 1?
13420834
In base 4, what is -2 + 10021300013112?
10021300013110
In base 3, what is -12102122121202 - -110100?
-12102122011102
In base 15, what is 1cbd - -2cce?
4a9c
In base 8, what is -50551 - 7601?
-60352
In base 8, what is -1546514606 + 2?
-1546514604
In base 9, what is 236280 + -37?
236242
In base 13, what is 218a8bb1 - 1?
218a8bb0
In base 9, what is -100 - -2265070?
2264870
In base 9, what is 3 + -77477532?
-77477528
In base 15, what is -5ee - 5175?
-5774
In base 15, what is 8 + -d4de3c6?
-d4de3bd
In base 2, what is -101010111100000010 - 11000011?
-101010111111000101
In base 5, what is -42034322200 + -12?
-42034322212
In base 15, what is 10ee8 - -376a?
14763
In base 10, what is 1086242 + 2?
1086244
In base 7, what is -23443 + 2012?
-21431
In base 14, what is 39b5 - 56c0?
-1b09
In base 15, what is 0 - d3d34d6?
-d3d34d6
In base 9, what is -24 + 1017288?
1017264
In base 13, what is -179 + -14154?
-14300
In base 12, what is 1021 - -217640?
218661
In base 16, what is -6076 - -78?
-5ffe
In base 13, what is 137 + 5543?
567a
In base 2, what is -1000111101100001001010100 + 101111?
-1000111101100001000100101
In base 12, what is 414b - 79b5?
-3866
In base 5, what is 34 + 3331303?
3331342
In base 11, what is 11 - -1270748?
1270759
In base 4, what is 10 + -2203122000?
-2203121330
In base 5, what is -31304144424 + 101?
-31304144323
In base 9, what is -2120 + -3032?
-5152
In base 9, what is 15636724 - 5?
15636718
In base 10, what is 147755861 + -3?
147755858
In base 13, what is -2 + -1a50466?
-1a50468
In base 11, what is 1 + -1908747?
-1908746
In base 5, what is 34231004011 - -2?
34231004013
In base 9, what is 2663 - 42354?
-38581
In base 7, what is 555242 - -3062?
561334
In base 3, what is -102001112 + -112010011?
-221011200
In base 2, what is -11101110000110101100000011 - -101?
-11101110000110101011111110
In base 11, what is -681a - -10839?
501a
In base 8, what is 5330 + 2361?
7711
In base 11, what is -563 + -8775?
-9228
In base 10, what is 16849019 + -1?
16849018
In base 14, what is a14 + 87236?
87c4a
In base 7, what is -43141 + 666?
-42142
In base 2, what is 100001 - -10010000111001001101110011?
10010000111001001110010100
In base 7, what is -1 - -2054063106?
2054063105
In base 7, what is -115161 - 1516?
-120010
In base 16, what is e0b + -4972?
-3b67
In base 14, what is -153 + -a0d5?
-a248
In base 5, what is 212400043 - -103?
212400201
In base 11, what is 13288931 + 4?
13288935
In base 15, what is -e524c - -b?
-e5241
In base 12, what is -1621b52 - 33?
-1621b85
In base 16, what is -d - fdeda?
-fdee7
In base 11, what is -50a2 + 142?
-4a60
In base 2, what is -100110100011011011001111 + -11111?
-100110100011011011101110
In base 12, what is 1251814 - b?
1251805
In base 9, what is -46201012 + 0?
-46201012
In base 4, what is -200122100 + -2312?
-200131012
In base 16, what is 956 - 975?
-1f
In base 10, what is -39 - -659055?
659016
In base 14, what is bc6207 - 1?
bc6206
In base 15, what is a83b16 + 14?
a83b2a
In base 4, what is -1 - 13332112021001?
-13332112021002
In base 15, what is -3 - d405d6d?
-d405d71
In base 12, what is -44b5 + 315?
-41a0
In base 16, what is fe09bc - 19?
fe09a3
In base 3, what is -22 + -20002001220110202?
-20002001220111001
In base 7, what is -220 + 636636?
636416
In base 5, what is 222421214022 - 2?
222421214020
In base 4, what is 31212333000 - 1012?
31212331322
In base 2, what is -1011 + 10011011100001111010?
10011011100001101111
In base 5, what is -324 + 4121241?
4120412
In base 9, what is 11668603 - 5?
11668587
In base 9, what is -3174 - 263432?
-266616
In base 12, what is 7119952 - 1?
7119951
In base 16, what is -24fb78 + 6a?
-24fb0e
In base 10, what is 2 + 123772655?
123772657
In base 13, what is 47c097c - 4?
47c0978
In base 4, what is 1301 - -12011133?
12013100
In base 16, what is -10 + 1006f8?
1006e8
In base 5, what is 220443333 - 11?
220443322
In base 10, what is -7470 - -130?
-7340
In base 2, what is -111000010100000111011100 + 10010?
-111000010100000111001010
In base 15, what is -1185 - -56a3?
451d
In base 13, what is -a - 13b95c?
-13b969
In base 13, what is 5 - -c5a6746?
c5a674b
In base 12, what is 2 + -263a875?
-263a873
In base 6, what is 232 - -3020200?
3020432
In base 14, what is 5221 + 370?
5591
In base 9, what is 162 + -267632?
-267460
In base 14, what is -99 + -58338?
-583d3
In base 4, what is 122021230113 + 12?
122021230131
In base 15, what is -37c5a90 + 0?
-37c5a90
In base 14, what is 794bc0 + 6?
794bc6
In base 9, what is 8 + -1560402?
-1560383
In base 8, what is 125336115 + 4?
125336121
In base 7, what is -5 - 12615061?
-12615066
In base 4, what is -1320223231 - -11210?
-1320212021
In base 7, what is -1602235650 + -2?
-1602235652
In base 10, what is -2862350 + -6?
-2862356
In base 8, what is 1 + -27724736?
-27724735
In base 7, what is 13630213 + -50?
13630133
In base 12, what is -5 + 17a88596?
17a88591
In base 7, what is -22 + 2436211?
2436156
In base 14, what is 2 + -152a479d?
-152a479b
In base 2, what is 1100110100000000101011 - -111001?
1100110100000001100100
In base 3, what is 200212201100 - 2202200?
200202221200
In base 15, what is 8ca1d + -35?
8c9d8
In base 11, what is 3459976 + -18?
3459959
In base 14, what is -62 - ad13?
-ad75
In base 13, what is -5b57 + 11?
-5b46
In base 2, what is 101 - -111100110011000110101?
111100110011000111010
In base 16, what is -19a54 - 229?
-19c7d
In base 6, what is 13405523422 + 1?
13405523423
In base 9, what is 42 + -4244?
-4202
In base 2, what is 110101111010000100001111 + -100?
110101111010000100001011
In base 8, what is 12722 - -11717?
24641
In base 11, what is -42469 + 188?
-42291
In base 5, what is 310331033410 - 1?
310331033404
In base 12, what is 5190 + -4b47b?
-462ab
In base 10, what is 18549 + 362?
18911
In base 9, what is -56246 + 173?
-56063
In base 12, what is 4557069 - -3?
4557070
In base 3, what is -11122 + -1021200002?
-1021211201
In base 11, what is -211a8 + 3?
-211a5
In base 14, what is 70dd + -164?
6d79
In base 8, what is 410543536 + -3?
410543533
In base 14, what is -4 + 230110da?
230110d6
In base 16, what is -1e + 16c0f0?
16c0d2
In base 13, what is -1 + -27b406?
-27b407
In base 14, what is 6 + -89bb9?
-89bb3
In base 7, what is 1663363 - 3151?
1660212
In base 5, what is 120030 + -101310?
13220
In base 3, what is -202002212 + 1001102010?
22022021
In base 5, what is -4 - 220430232?
-220430241
In base 6, what is -145334411 + -131?
-145334542
In base 14, what is 1a4a + 212?
1c5c
In base 11, what is -25 + -172953?
-172978
In base 14, what is 1 - -6a2a305?
6a2a306
In base 11, what is 1 + -26600874?
-26600873
In base 6, what is -33 - 121044143?
-121044220
In base 13, what is 19ac9 - -3441?
2023a
In base 9, what is -132708282 - -1?
-132708281
In base 12, what is 921 - 1008?
-2a7
In base 6, what is -13532 + 143011?
125035
In base 13, what is -1 - -9987529?
9987528
In base 5, what is 2 + 120312304200?
120312304202
In base 12, what is 49 - -125a4?
12631
In base 7, what is 4363 + 4015?
11411
In base 5, what is -3312 + 104401433?
104343121
In base 12, what is -41b62868 - 0?
-41b62868
In base 8, what is -5 + -731315707?
-731315714
In base 15, what is 117ed62 + -1b?
117ed46
In base 7, what is -4044 - 11460?
-15534
In base 12, what is -b + 1032b?
10320
In base 8, what is 23 - 7145666?
-7145643
In base 7, what is 104 + -1226224?
-1226120
In base 4, what is -2110 + 2002123